 - 7*g**2 - 7*g + 53. Is x(-4) composite?
False
Let s(x) = 37208*x - 1261. Is s(6) a composite number?
False
Let a(u) = 63*u - 11. Let k(z) = -190*z + 32. Let l(n) = 10*a(n) + 3*k(n). Let p be l(4). Let b = p - 65. Is b prime?
False
Suppose 4*b - 97 = -81. Suppose 363715 = -5*l - 3*n + 26927, 0 = -b*l - 3*n - 269428. Is l/(-30) + 1 + 4/(-3) prime?
False
Let j(b) = 198*b**3 - 4*b**2 - 2*b + 2. Let n be j(-2). Let s = -507 - n. Is s prime?
True
Suppose 4*w + 7072 = -4*m + 6*w, -m - 3*w = 1754. Let s = 707 - m. Is s a prime number?
True
Let t(i) = 3*i**3 - 23*i**2 - 20*i - 29. Let h be t(18). Let u = h + 3736. Is u prime?
False
Let y(s) = -s**2 - 15*s - 27. Let l be y(-12). Suppose l*t - 2*t = 105. Suppose -t*p + 10*p = -1585. Is p prime?
True
Suppose 66 - 102 = -g. Suppose g*h - 198125 = 295255. Is h composite?
True
Suppose -12145142 + 14652513 = 59*r - 16320886. Is r a prime number?
False
Let x be 3/(1/(-439) + 0). Suppose -5*t - 5*i - 4051 = 8074, 0 = i + 5. Let a = x - t. Is a composite?
False
Let f(g) = g - 24. Let d be f(9). Let i(h) = -144*h - 57. Is i(d) prime?
False
Let l(s) = 531687*s - 1763. Is l(4) a prime number?
False
Suppose -9*j = -28671 - 91308. Is j prime?
True
Let m(u) = -761*u - 31. Let h be m(10). Is (-1 + h)*5*12/(-120) composite?
False
Is (2045277/195 + 34)/(1/5) a prime number?
False
Suppose -f = 0, -f + 1 = w - 5. Let x(t) = 4*t**3 + 10*t**2 + 5*t - 18. Let k(b) = -5*b**3 - 11*b**2 - 6*b + 17. Let q(h) = -5*k(h) - 6*x(h). Is q(w) composite?
False
Let g = 123 - 116. Suppose 5*j - 29078 = -4*o + g*j, -2*o + 14541 = -3*j. Is o prime?
False
Let i(k) = 365*k - 13. Let p be i(41). Suppose -14*o + 15554 = -p. Is o a composite number?
False
Suppose -15 = 5*t, -3*t + 53218 = -2*o + 149181. Is o composite?
False
Suppose -3*q - 4*g + 482699 = 0, g = 2*q + 5*g - 321798. Is q prime?
False
Is ((-27)/(-18))/(((-18)/(-257204))/3) prime?
True
Let b(l) = 370*l + 1813. Is b(10) prime?
False
Let o be 3 - (-49487 - (1 + 2 + 2)). Suppose 0 = 17*b - 4276 - o. Is b a composite number?
False
Suppose 4*x + x + 4*f = -7, 3*x = -3*f - 6. Let n = -1309 - -1306. Is (-251)/((x + n)/2) prime?
True
Suppose -48*u + 318714 - 15987 = 9*u. Is u a prime number?
False
Suppose 0 = -81*p + 5634209 + 4860556. Is p composite?
True
Let q(d) = 1118*d + 155. Let g(n) = -190061*n - 26350. Let v(x) = -2*g(x) - 341*q(x). Is v(-6) prime?
False
Let p be -4 - (8 - (3 - -1)). Let q be (5*p)/5*31. Let f = q - -879. Is f composite?
False
Suppose 0 = 2*w + 4*i - 284434, -w + 426691 = 2*w - 4*i. Suppose 21*q - w = 16*q. Is q a prime number?
False
Let g = -84 - -114. Suppose 44223 = 33*l - g*l. Is l prime?
True
Let o(x) = -x - 3. Let j be o(7). Is (9 + j)*(-16196)/4 composite?
False
Let l = -42966 + 73597. Is l a prime number?
True
Let v(l) = 8*l**2 + 4*l + 3. Let h(n) = -n**3 + 2*n**2 + 5*n - 8. Let p be h(3). Let s be 0/(2 + 0) - (-2)/p. Is v(s) a prime number?
True
Is (-6 - -5)/((-2)/190558*1) prime?
True
Let o = 120 + -425. Let t = o - -3256. Is t a prime number?
False
Let s = 422 + -408. Suppose 12*a + 19826 = s*a. Is a a prime number?
False
Let m be (28/(-35))/(6/45). Is (m/(-7 - -10))/(4/(-946)) a prime number?
False
Let m(d) = -d**3 - 3*d**2 + 3*d + 9. Let t be m(-4). Suppose -7*l = -t*l + 2586. Let i = 645 - l. Is i composite?
True
Let f(c) = 3*c + 21*c**2 + 1049 - 2248 + 1060. Is f(-31) a composite number?
False
Suppose 2*m + 2*m = -4*x + 60640, 3*x = -4*m + 45475. Suppose 5*h - 5 = 0, -x = -3*i + 2*h - 5915. Suppose -16*a + i = -10*a. Is a composite?
True
Let d = 3182 + -4976. Let u = -774 - d. Let s = u + -429. Is s a prime number?
False
Suppose 0 = -5*n + 2*w + 1145395, 4*n - 916334 = -26*w + 24*w. Is n composite?
False
Suppose 4*k - 2900223 = -d, -725037 = -k - 12*d + 8*d. Is k composite?
False
Let a = 91586 - 51877. Is a prime?
True
Let s(u) = 687*u**2 - 66*u + 2245. Is s(24) a composite number?
False
Let d(r) = -7*r - 35. Let t(j) = -6*j - 34. Let a(o) = 3*d(o) - 4*t(o). Let g be a(-8). Suppose -g*k + 2991 = -3358. Is k a prime number?
True
Suppose 4*w - 5043 = 5*j, 0*j + 2*j = -4*w - 2034. Let r = -242 - j. Is r a prime number?
True
Let u = 45 + -42. Suppose 15 = u*z, 0*x - z = 4*x - 5. Suppose -3*f = -3*p + 48, x = -5*f + 8 + 7. Is p a composite number?
False
Suppose -351*p - 693461 = -394*p. Is p composite?
False
Let f = -840130 + 1393439. Is f a prime number?
True
Let n = 89 - 84. Let s(a) = 18*a**2 - 6*a + 3. Let o be s(n). Let r = o - 134. Is r composite?
True
Let r = 6290 + -2119. Is r a composite number?
True
Is (9/(-6) + 2)*(-28)/(-70)*82985 a composite number?
True
Suppose 0 = -p - 5, -4*d - 2*p = p - 302825. Suppose -13*g = -3*g - d. Is g a prime number?
False
Suppose -13*m + 15*m = 4*d - 2014684, 0 = d + m - 503677. Is d a prime number?
False
Let i(y) = 47623*y + 25. Is i(6) a composite number?
False
Let u = -167 - -258. Suppose 2802 = -u*x + 97*x. Is x a composite number?
False
Let a(d) = -32*d**2 + 15*d + 36. Let w be a(10). Let k = 5343 + w. Is k a composite number?
True
Let l = 201648 + -96430. Is l composite?
True
Let n(x) = -x**2 - 18*x - 58. Let i be n(-13). Let b be (416/(-14) + 4)*i. Is (b/6)/(-6)*373*1 a prime number?
False
Let w be ((-21)/28)/((-1)/4). Suppose -7*u - w*u + 91330 = 0. Is u prime?
True
Suppose -3*a = -2*w + 5, -w - a - 1 + 16 = 0. Is 15/w + (-59768)/(-16) a composite number?
True
Suppose 27*i - 11993406 = -87*i + 5733708. Is i a prime number?
True
Suppose 75*r = 15*r + 1461540. Is r prime?
True
Suppose 6*i - 3*i - 3*q = 258186, 430274 = 5*i + 7*q. Is i prime?
False
Let v(u) = -u**3 + 148*u**2 - 16*u + 83. Is v(52) a prime number?
False
Let f = 1249 - 2535. Let q = f - -6433. Is q a composite number?
False
Let f be 3 + -4 - (-5691)/1. Suppose 7*g = 3*g - 5*y - f, g - 2*y + 1416 = 0. Let r = g + 4074. Is r a prime number?
False
Let h(q) be the first derivative of 103*q**3/3 + 4*q**2 + 104*q - 38. Is h(-7) composite?
True
Is (-2)/4*-2713772*(-6)/(-12) a composite number?
True
Let f(t) be the third derivative of -797*t**4/24 - 40*t**3/3 - 19*t**2 - 5. Is f(-9) a prime number?
False
Suppose -120*s = 2*f - 123*s - 7951015, 3*f + 3*s - 11926590 = 0. Is f a composite number?
True
Suppose 3*y - 9 = h, 2*h - 2*y + 6 = h. Suppose 2*i + h*z - 12 = -z, 4 = -2*i + 3*z. Suppose -i*g + 85 = -771. Is g prime?
False
Let w = -650 + 670. Suppose 2*q - 221210 = -w*q. Is q a prime number?
False
Suppose -200*b + 203*b - 213 = 0. Suppose -g - 652 = -3*g - 4*x, -634 = -2*g + 5*x. Let i = g - b. Is i composite?
False
Let y(u) = -87*u - 62. Let g(o) = o**3 + o**2 - o - 5. Let r be g(0). Is y(r) a prime number?
True
Let z be ((-192)/40 + (-1)/5)/(-1). Is (1556/(-3))/(34/(-6) + z) a prime number?
False
Is (7230/40)/(15/140) a composite number?
True
Let i(o) = -2*o + 14. Let p be i(7). Suppose p*d = -2*d + 5*c + 15617, 0 = -4*d - c + 31179. Suppose -3*h = -17263 - d. Is h a prime number?
True
Let w(y) be the second derivative of 1132*y**3/3 + 7*y**2/2 - 54*y + 1. Is w(6) composite?
False
Let k(w) be the third derivative of w**6/30 + 9*w**5/20 + 11*w**3 + 191*w**2. Is k(15) prime?
False
Suppose -2*q - 691161 = -38*p + 33*p, -5*p + 691175 = 5*q. Is p composite?
True
Suppose 2*a - 17647 - 10019 = 0. Suppose 3*g = -6*g + a. Is g composite?
True
Let r be 136227/117 + (-1)/3 + 1. Let g = r - 2155. Let k = g - -2525. Is k a composite number?
True
Suppose -24*i + 121 = 1. Suppose -s + 4*c = -9747, -i*c = -3*s - 3*c + 29281. Is s a prime number?
False
Suppose -5*j + 679049 - 76684 = 0. Is j a prime number?
True
Let p = 153 + -132. Suppose -l = p*l - 53812. Is l prime?
False
Let x(q) = 2*q**3 - 27*q**2 + 18*q + 19. Let t(y) = y**3 - 14*y**2 + 9*y + 10. Let z(u) = 5*t(u) - 3*x(u). Let r be z(10). Is (2078/r)/((-10)/(-15)) prime?
True
Suppose 2334*p = 2296*p + 2129254. Is p composite?
True
Let h = 1447 - -31710. Is h composite?
True
Suppose 0*l + 178 = l - 4*o, -4*l + 5*o + 767 = 0. Let a be (-138)/(-20) + 2/20. Let i = l - a. Is i composite?
False
Let i(v) = -1958*v - 1. Let n be i(1). Let d be -5*98/(-5)*38. Let a = d + n. Is a prime?
False
Suppose c + 16 = 2*c. Suppose 0 = -4*s - c + 28. Let o(a) = 28*a + 5. Is o(s) prime?
True
Let d = 52 + -46. Let x = 3 - d. Is x*10/15 - -589 prime?
True
Is 6*3*(-552164)/(-72) composite?
False
Let t(d) = -126*d**3 - 9*d**2 